t is the greatest common factor of l and s?
24
Suppose 0 = -2*z - 7*c + 2*c + 363, 740 = 4*z - 4*c. Suppose 84 - z = -4*q. What is the greatest common factor of q and 35?
5
Suppose d + 16 = -3*c + 15, -45 = -3*d - c. Calculate the highest common factor of d and 4777.
17
Let d(x) = -205*x + 14762. Let r be d(72). Calculate the highest common factor of 2946 and r.
2
Let c = 11 - 0. Suppose -18*q + 38 = -16. Suppose r = -q*k + 264, -k + r + 176 = k. Calculate the highest common factor of c and k.
11
Suppose -5*t + 2898 = 4*t. Calculate the greatest common factor of 532 and t.
14
Let h = -616 + 654. Let z(q) = -31*q - 25. Let y be z(-10). Calculate the highest common divisor of h and y.
19
Let s(p) = -5*p**2 + 142*p + 185. Let h be s(29). Suppose -28 = -2*i - 0*i. What is the greatest common divisor of i and h?
14
Let l = -154 + 120. Let a be -1 + 18/4 - (-17)/l. Calculate the greatest common divisor of 51 and a.
3
Let q = -3540 - -4567. Calculate the greatest common divisor of 79 and q.
79
Let k = -3116 + 3167. What is the greatest common factor of k and 731?
17
Suppose -40*s + 43*s + y = 1919, -3*y - 1272 = -2*s. Calculate the greatest common divisor of s and 497.
71
Let f(r) = -r**2 - 4*r + 9. Let u be f(-3). Suppose -3*l - u*l + 450 = 0. What is the highest common factor of l and 84?
6
Suppose -64*x + 762*x - 8376 = 0. Suppose 0 = -t + 2*t + 5*o - 44, 3*t - 160 = -o. What is the highest common divisor of t and x?
6
Let i be 171/1 - (7 - (-35)/(-7)). Let c = i + -135. What is the highest common divisor of 374 and c?
34
Suppose -f - 4984 = -n, -4*f - 16782 - 8133 = -5*n. Calculate the highest common factor of 13 and n.
13
Suppose 2145 + 1387 = 100*d - 1568. What is the highest common divisor of d and 1479?
51
Let g be ((-156)/(-117))/((-6)/(-9)). Suppose -a - 144 = -g*d + 55, -3*d = -3*a - 297. What is the greatest common factor of 125 and d?
25
Let u(j) = -54*j**2 - 390*j - 63. Let o be u(-7). What is the greatest common factor of o and 8939?
7
Let o(j) = -8*j**2 - 263*j + 45. Let k be o(-33). Let h(b) = 175*b - 96. Let z be h(k). Calculate the highest common divisor of 12 and z.
12
Let i be (-5 - -17)/(-2) - -6. Suppose -56 = -7*a - i. What is the highest common divisor of a and 28?
4
Suppose -12*q + 6 + 30 = 0. Suppose -5*r + 13 - 2 = 3*v, r = 2*v - q. Let n be v/(4/(-31))*-2. What is the highest common factor of n and 124?
31
Let d(m) = 2*m**3 - 79*m**2 + 46*m + 7. Let l be d(39). Calculate the greatest common divisor of l and 2324.
28
Suppose -3*z - 2 = -3*n + 16, 0 = -n - z + 2. Suppose 0 = -l + n*l - 63. What is the highest common divisor of l and 3?
3
Let z(u) = 2*u**2 - 115*u + 2098. Let w be z(16). Calculate the greatest common divisor of 11 and w.
11
Suppose 5*b + 76 = -19*f + 23*f, f - 4*b - 8 = 0. What is the greatest common divisor of f and 12?
12
Let t(m) = m**2 + 23*m + 12. Let a(w) = -21*w**2 - 2*w - 1. Let h be a(1). Let x be t(h). Calculate the greatest common divisor of 162 and x.
18
Suppose 9*c = 6*c + 2*q + 9514, -4*q + 3148 = c. Calculate the greatest common divisor of 192 and c.
96
Let b(h) = 6*h - 81. Let r be b(15). Suppose r*u - 281 = 223. What is the greatest common factor of u and 16?
8
Let v be 12/32 + (-1665)/(-40). Let g be (6/v + (-264)/(-63))*6. Calculate the highest common factor of g and 234.
26
Let k be (153/(-34))/((-6)/(-8)). Let b be -3*(2/k)/(2/6). Let n be (b - 540/(-16)) + (-3)/(-12). Calculate the greatest common factor of n and 333.
37
Suppose 67 = 2*d - 3*k, d + 4*d = 4*k + 171. Let r = -18 + d. Suppose -r = -3*w + 4. Calculate the greatest common divisor of 7 and w.
7
Let c(z) = 14*z**2 - 295*z - 100. Let q be c(25). Calculate the highest common divisor of q and 187.
17
Suppose 33*y - 20*y - 30*y + 328321 = 0. Calculate the greatest common divisor of y and 14.
7
Let r = 8838 + -8777. What is the highest common divisor of 7747 and r?
61
Let l = -288 - 37. Let n be (-544)/(-18) + (l/45 - -7). What is the greatest common factor of n and 170?
10
Suppose 3*p = y - 9238 + 29064, 0 = -2*p + 4*y + 13224. What is the highest common factor of p and 168?
56
Suppose 5*p + 44 = 4*v, 28 = 2*v - p + 12. Let g be -1 + 3*14/v. Suppose 10*z + 34 = 3*t + 14*z, 5*t = -4*z + 70. What is the greatest common factor of t and g?
6
Let g = -37 - -47. Let o be 26/g - 6/10. Suppose -40 = -4*u - j, 4*u + u = -o*j + 50. What is the highest common divisor of u and 10?
10
Suppose 0 = 9*r - 14*r + 20. Suppose -17 = r*g - 0*d + d, -5*g + 2*d = 18. Let t be (-2 + g + 0)*(-5)/3. What is the greatest common factor of 130 and t?
10
Let x = -33 - -89. Let y be (2 - -58)*(-14 + 15). Let q = y + -53. What is the greatest common divisor of x and q?
7
Let s be 8/(-6)*(-33)/(-2). Let x = 56 + s. Let u be (-3)/3 + 2/(6/411). What is the greatest common divisor of u and x?
34
Let r be (4 - (-1)/((-10)/(-55)))*-68. Let p be r/(-76)*(-1 + 21). What is the greatest common factor of p and 34?
34
Let x = -109 - -277. Let d(m) = -m + 40. Let u be (3/2)/(12 - (-5889)/(-494)). Let a be d(u). Calculate the greatest common factor of a and x.
21
Suppose 0 = 5*m - 25, u - 4*m + 4 = -m. Let b be (-44)/(-6)*(u + 1). Suppose 10*z - b = 2*z. What is the greatest common factor of z and 1?
1
Suppose 0 = -j - 2*j + 288. Suppose -4*w + 2*q = -q - 121, 0 = -3*w + 4*q + j. Let k = 371 + -63. What is the highest common factor of k and w?
28
Let h(r) = -22 - 21*r + 1 + 7 + 10. Let t be h(-4). Calculate the greatest common divisor of 20 and t.
20
Let x be (34 - 1) + -1 - (-209 + 207). Calculate the highest common factor of x and 36.
2
Let q(c) = 504*c + 150. Let x be q(4). Let u be x/418 - 4/22. Calculate the highest common factor of 160 and u.
5
Suppose 8429*b = 8426*b + 528. Calculate the highest common factor of 2266 and b.
22
Let p(d) = 76*d**2 + 19*d + 18. Let r be p(-1). Suppose r - 642 = -7*t. What is the greatest common factor of 45 and t?
9
Suppose -5*b + 26*t + 3320 = 30*t, 4*b - 4*t = 2656. Calculate the greatest common factor of b and 1079.
83
Let l be 205566/32 - 15/(-240). Calculate the greatest common divisor of l and 220.
44
Let k be (-18)/(-22) - (-22)/121 - -27. Suppose -k = -7*x + 147. Let v = 360 - 260. Calculate the highest common divisor of x and v.
25
Let z be -2*(-1)/2 - -116. Suppose 0 = 18*d - 12*d - 54. Calculate the highest common divisor of z and d.
9
Let d = 36654 - 21407. Calculate the greatest common factor of d and 237.
79
Let m be (-9)/12*2*2 + 125384/28. What is the highest common divisor of m and 125?
25
Let f be -20*(-1)/(-2) + 83. Calculate the greatest common factor of f and 2263.
73
Let v be ((-6)/(-9))/(3/135*-3). Let z be (v/(-4) + 3 + -2)*10. Let x(w) = -w**2 + 9*w - 3. Let f be x(8). Calculate the highest common factor of z and f.
5
Suppose 0 = -10*f - 2*b + 12226, -f = -3*b - 1440 + 195. What is the highest common divisor of f and 90?
18
Let j = -3671 + 7048. What is the highest common factor of j and 11?
11
Let v be 2/10 - 36/(-20). Let r be 2394/30 - (-6)/30. Let w = r + -66. Calculate the highest common factor of v and w.
2
Let f(s) = s**2 + 2. Let t(v) = -2*v**2 - 80*v - 32. Let m(g) = 3*f(g) - t(g). Let y be m(-19). Calculate the highest common factor of 34 and y.
17
Let p(j) = 74*j**2 - j + 1. Let w be p(-1). Suppose 4*y - 2*l - 42 = 0, -5*y + 10*y + 5*l - 15 = 0. Calculate the greatest common factor of w and y.
4
Let s(m) = 2*m**2 + 2*m - 6. Let a be s(2). Let r = 205 + 197. Calculate the highest common factor of r and a.
6
Let h(b) = b**2 + 3*b - 2. Let x be h(0). Let j be (-508)/(-127) - (1 + x - 1). What is the greatest common divisor of j and 32?
2
Let r be (-11)/(-13*(-23)/(-104052)). Calculate the greatest common divisor of 1508 and r.
116
Let z = 58 - 54. Suppose -4*x + 319 + 518 = -3*s, z*x = 5*s + 827. Let b be (14/6)/(6 - x/36). Calculate the highest common factor of b and 4.
4
Let t be 150*(-11 + 17 + 9/(-2)). Suppose q + q - t = -w, 3*w + 445 = 4*q. What is the highest common factor of q and 84?
28
Suppose -46 = -8*y + 18. Let h(f) = f**2 - f - 37. Let k be h(y). Calculate the highest common divisor of 1 and k.
1
Let k be ((-4)/12)/(5/165). Let v(o) = o**2 - 43. Let d be v(k). Suppose i - 3*i + d = 0. Calculate the greatest common divisor of 13 and i.
13
Let f be (10/1)/((-46)/(-184)). Let h(o) = -o**